9
What is the ten thousands digit of 2562851340?
5
What is the thousands digit of 7498658380?
8
What is the hundred thousands digit of 7208594?
2
What is the ten millions digit of 249469415?
4
What is the hundred millions digit of 687788406?
6
What is the millions digit of 645344004?
5
What is the units digit of 39985057?
7
What is the hundred thousands digit of 288319601?
3
What is the hundreds digit of 26126450?
4
What is the units digit of 122585571?
1
What is the tens digit of 1890121714?
1
What is the ten millions digit of 2896045294?
9
What is the units digit of 123949491?
1
What is the units digit of 4290704818?
8
What is the tens digit of 155787190?
9
What is the tens digit of 8135975?
7
What is the hundreds digit of 2212650970?
9
What is the ten thousands digit of 365679974?
7
What is the thousands digit of 432217928?
7
What is the hundred thousands digit of 6112591?
1
What is the units digit of 243694532?
2
What is the tens digit of 1230851?
5
What is the ten thousands digit of 134067797?
6
What is the hundreds digit of 417672477?
4
What is the hundred millions digit of 153637667?
1
What is the ten thousands digit of 496627778?
2
What is the ten thousands digit of 134717267?
1
What is the ten millions digit of 903469206?
0
What is the units digit of 4149873095?
5
What is the ten millions digit of 151713055?
5
What is the ten millions digit of 50357414?
5
What is the tens digit of 139325048?
4
What is the units digit of 5629497148?
8
What is the thousands digit of 167798332?
8
What is the hundreds digit of 9724802?
8
What is the ten thousands digit of 351250973?
5
What is the ten thousands digit of 110128033?
2
What is the hundred millions digit of 498608545?
4
What is the ten thousands digit of 49090172?
9
What is the tens digit of 46750493?
9
What is the hundreds digit of 488377594?
5
What is the units digit of 1113028122?
2
What is the millions digit of 73382459?
3
What is the tens digit of 4789547703?
0
What is the ten thousands digit of 47525648?
2
What is the units digit of 83311266?
6
What is the units digit of 2616878288?
8
What is the ten thousands digit of 330303064?
0
What is the tens digit of 48450477?
7
What is the ten millions digit of 277327976?
7
What is the ten thousands digit of 478945276?
4
What is the hundred millions digit of 245169692?
2
What is the hundreds digit of 136858633?
6
What is the tens digit of 98230576?
7
What is the millions digit of 31796866?
1
What is the ten millions digit of 233501019?
3
What is the ten millions digit of 223463926?
2
What is the hundred millions digit of 1804979956?
8
What is the billions digit of 3021740852?
3
What is the hundreds digit of 2614212?
2
What is the millions digit of 123368829?
3
What is the ten millions digit of 821140128?
2
What is the hundred thousands digit of 53531947?
5
What is the ten thousands digit of 167101557?
0
What is the hundred thousands digit of 1879139038?
1
What is the units digit of 1970768821?
1
What is the hundreds digit of 358401051?
0
What is the hundreds digit of 1091963965?
9
What is the hundreds digit of 2118684633?
6
What is the units digit of 27521986?
6
What is the hundred thousands digit of 115650818?
6
What is the tens digit of 265195457?
5
What is the ten thousands digit of 1280997426?
9
What is the millions digit of 678689638?
8
What is the hundred millions digit of 386580904?
3
What is the hundreds digit of 3812758855?
8
What is the ten thousands digit of 14816929?
1
What is the thousands digit of 71146312?
6
What is the ten millions digit of 1298757249?
9
What is the ten millions digit of 4136875212?
3
What is the hundred thousands digit of 260150086?
1
What is the tens digit of 17451409?
0
What is the hundred thousands digit of 69970014?
9
What is the ten thousands digit of 257611047?
1
What is the tens digit of 19772826?
2
What is the millions digit of 616578570?
6
What is the hundreds digit of 1066897?
8
What is the ten thousands digit of 38514986?
1
What is the ten millions digit of 508419800?
0
What is the hundred thousands digit of 9604563?
6
What is the units digit of 1207087635?
5
What is the hundreds digit of 251382565?
5
What is the hundreds digit of 210298309?
3
What is the thousands digit of 66823851?
3
What is the units digit of 35930864?
4
What is the millions digit of 128773979?
8
What is the tens digit of 1576503755?
5
What is the units digit of 820427729?
9
What is the hundreds digit of 9513067?
0
What is the hundred thousands digit of 130364279?
3
What is the tens digit of 409882100?
0
What is the thousands digit of 95223778?
3
What is the millions digit of 2600649605?
0
What is the ten thousands digit of 601690231?
9
What is the millions digit of 162863436?
2
What is the thousands digit of 127009124?
9
What is the hundreds digit of 2036507306?
3
What is the hundred millions digit of 511844825?
5
What is the ten thousands digit of 5592597624?
9
What is the tens digit of 6493709?
0
What is the millions digit of 65439793?
5
What is the ten thousands digit of 73067785?
6
What is the billions digit of 5565596069?
5
What is the hundred thousands digit of 6255802?
2
What is the ten millions digit of 72242401?
7
What is the units digit of 1544096846?
6
What is the thousands digit of 60731154?
1
What is the hundreds digit of 80922947?
9
What is the hundreds digit of 121779975?
9
What is the thousands digit of 150504463?
4
What is the tens digit of 75679320?
2
What is the ten millions digit of 80485602?
8
What is the hundred millions digit of 1068420733?
0
What is the tens digit of 216912701?
0
What is the billions digit of 4607652488?
4
What is the hundred thousands digit of 236785236?
7
What is the units digit of 188103525?
5
What is the hundred millions digit of 490332970?
4
What is the hundred thousands digit of 200463026?
4
What is the thousands digit of 2378151?
8
What is the millions digit of 441113590?
1
What is the ten millions digit of 268604579?
6
What is the units digit of 499005120?
0
What is the units digit of 6467633815?
5
What is the ten millions digit of 278643665?
7
What is the ten millions digit of 64016384?
6
What is the ten millions digit of 141764956?
4
What is the hundred thousands digit of 21375472?
3
What is the tens digit of 1878138234?
3
What is the ten millions digit of 764283147?
6
What is the millions digit of 34251478?
4
What is the ten thousands digit of 874690808?
9
What is the ten thousands digit of 352825179?
2
What is the hundred thousands digit of 318555824?
5
What is the millions digit of 2493025033?
3
What is the tens digit of 16298693?
9
What is the millions digit of 24045458?
4
What is the hundreds digit of 29942877?
8
What is the hundred millions digit of 171914409?
1
What is the tens digit of 520630717?
1
What is the thousands digit of 375957365?
7
What is the hundred thousands digit of 22910875?
9
What is the hundreds digit of 112816329?
3
What is the thousands digit of 10044783?
4
What is the ten millions digit of 1387210449?
8
What is the hundred millions digit of 2977531834?
9
What is the thousands digit of 7783744467?
4
What is the units digit of 982480929?
9
What is the hundred thousands digit of 38006235?
0
What is the thousands digit of 200040646?
0
What is the millions digit of 6430955643?
0
What is the thousands digit of 411770774?
0
What is the hundreds digit of 1347173?
1
What is the ten thousands digit of 1138171635?
7
What is the hundreds digit of 82966812?
8
What is the tens digit of 645279598?
9
What is the hundred thousands digit of 3425993297?
9
What is the millions digit of 1137254428?
7
What is the hundreds digit of 132239387?
3
What is the tens digit of 36846037?
3
What is the thousands digit of 1426887?
6
What is the ten thousands digit of 512620124?
2
What is the ten millions digit of 3161886449?
6
What is the thousands digit of 492092830?
2
What is the ten thousands digit of 2193927610?
2
What is the ten thousands digit of 58732220?
3
What is the tens digit of 108174597?
9
What is the hundred thousands digit of 3051744159?
7
What is the ten millions digit of 3079624588?
7
What is the millions digit of 3267529222?
7
What is the thousands digit of 216294009?
4
What is the hundred thousands digit of 338881282?
8
What is the ten thousands digit of 46664384